7?
0
What is the ten thousands digit of 3422231150?
3
What is the hundred thousands digit of 1577994898?
9
What is the hundred millions digit of 868055350?
8
What is the hundreds digit of 2363695733?
7
What is the ten thousands digit of 61032252?
3
What is the millions digit of 181013246?
1
What is the hundred thousands digit of 315700273?
7
What is the hundreds digit of 399554134?
1
What is the thousands digit of 29850333?
0
What is the millions digit of 662389533?
2
What is the millions digit of 86482384?
6
What is the ten thousands digit of 1606031179?
3
What is the hundred thousands digit of 310703809?
7
What is the thousands digit of 3034419039?
9
What is the units digit of 549172326?
6
What is the hundreds digit of 77852866?
8
What is the ten thousands digit of 54759529?
5
What is the hundreds digit of 390488860?
8
What is the ten thousands digit of 33016832?
1
What is the billions digit of 1313186557?
1
What is the ten thousands digit of 48119836?
1
What is the hundred thousands digit of 2148903567?
9
What is the tens digit of 5928605315?
1
What is the thousands digit of 2332069399?
9
What is the hundreds digit of 64756749?
7
What is the tens digit of 461471624?
2
What is the hundreds digit of 51955342?
3
What is the units digit of 2833343928?
8
What is the ten thousands digit of 56577473?
7
What is the hundred thousands digit of 21717132?
7
What is the units digit of 57861301?
1
What is the ten thousands digit of 1889415676?
1
What is the millions digit of 2597037786?
7
What is the thousands digit of 897698817?
8
What is the ten millions digit of 80992502?
8
What is the units digit of 153920927?
7
What is the hundred thousands digit of 1670578629?
5
What is the units digit of 2807928857?
7
What is the thousands digit of 819867253?
7
What is the thousands digit of 125655187?
5
What is the hundreds digit of 91948052?
0
What is the hundred thousands digit of 131797374?
7
What is the billions digit of 6751058915?
6
What is the tens digit of 127392401?
0
What is the hundreds digit of 1167105017?
0
What is the thousands digit of 375775?
5
What is the units digit of 514357666?
6
What is the tens digit of 375147024?
2
What is the thousands digit of 3221974973?
4
What is the billions digit of 5174779053?
5
What is the units digit of 1550332115?
5
What is the millions digit of 1076107790?
6
What is the ten thousands digit of 55899142?
9
What is the ten thousands digit of 802278507?
7
What is the thousands digit of 7860906?
0
What is the tens digit of 497027087?
8
What is the billions digit of 2904748240?
2
What is the millions digit of 106940156?
6
What is the tens digit of 2264424936?
3
What is the hundreds digit of 15282730?
7
What is the millions digit of 51917817?
1
What is the hundred thousands digit of 3398337537?
3
What is the tens digit of 8741029?
2
What is the thousands digit of 230619858?
9
What is the millions digit of 1463839255?
3
What is the tens digit of 38229781?
8
What is the thousands digit of 51563203?
3
What is the tens digit of 4802528?
2
What is the thousands digit of 27985460?
5
What is the millions digit of 87906214?
7
What is the hundred thousands digit of 579811650?
8
What is the tens digit of 7843672?
7
What is the hundred thousands digit of 127923134?
9
What is the ten thousands digit of 1135631252?
3
What is the hundred millions digit of 4215215402?
2
What is the ten thousands digit of 313958940?
5
What is the units digit of 42084670?
0
What is the thousands digit of 2693938201?
8
What is the hundred thousands digit of 1100434123?
4
What is the tens digit of 70255438?
3
What is the hundred thousands digit of 1433717884?
7
What is the ten millions digit of 4151416689?
5
What is the thousands digit of 20353954?
3
What is the ten millions digit of 1922465249?
2
What is the hundred thousands digit of 69091751?
0
What is the hundreds digit of 32687408?
4
What is the hundred millions digit of 155927202?
1
What is the hundred millions digit of 1357502584?
3
What is the thousands digit of 1132205028?
5
What is the ten thousands digit of 637294010?
9
What is the ten thousands digit of 333287165?
8
What is the hundred millions digit of 155751247?
1
What is the units digit of 5655668970?
0
What is the tens digit of 2436182007?
0
What is the thousands digit of 212720121?
0
What is the tens digit of 20860014?
1
What is the millions digit of 5084992750?
4
What is the tens digit of 36151357?
5
What is the thousands digit of 4569988325?
8
What is the ten thousands digit of 1545503905?
0
What is the tens digit of 12147537?
3
What is the millions digit of 880241560?
0
What is the ten thousands digit of 1223847491?
4
What is the hundred thousands digit of 399511872?
5
What is the tens digit of 5400596328?
2
What is the tens digit of 114370758?
5
What is the ten thousands digit of 45559383?
5
What is the thousands digit of 6704788044?
8
What is the thousands digit of 1348367454?
7
What is the hundred millions digit of 183301635?
1
What is the millions digit of 397029196?
7
What is the units digit of 444164500?
0
What is the tens digit of 4105372238?
3
What is the ten millions digit of 70416877?
7
What is the thousands digit of 786680713?
0
What is the billions digit of 1133379242?
1
What is the hundreds digit of 126167522?
5
What is the hundred thousands digit of 224084997?
0
What is the billions digit of 7342437816?
7
What is the hundreds digit of 29742444?
4
What is the thousands digit of 418752684?
2
What is the hundred millions digit of 1067875481?
0
What is the units digit of 5672117481?
1
What is the tens digit of 54396439?
3
What is the ten thousands digit of 139552742?
5
What is the millions digit of 19876392?
9
What is the millions digit of 31628936?
1
What is the tens digit of 708938574?
7
What is the ten thousands digit of 2695052242?
5
What is the billions digit of 1907570636?
1
What is the units digit of 118613533?
3
What is the ten thousands digit of 14227835?
2
What is the ten millions digit of 226436271?
2
What is the ten thousands digit of 88610729?
1
What is the hundred thousands digit of 67025479?
0
What is the millions digit of 37080073?
7
What is the hundred thousands digit of 7598483?
5
What is the hundred thousands digit of 354576847?
5
What is the ten thousands digit of 49812192?
1
What is the hundreds digit of 240284067?
0
What is the ten millions digit of 3248871050?
4
What is the millions digit of 206018432?
6
What is the hundreds digit of 174457116?
1
What is the ten millions digit of 1677566157?
7
What is the units digit of 1931159399?
9
What is the tens digit of 2404580405?
0
What is the ten millions digit of 74061804?
7
What is the tens digit of 40576312?
1
What is the millions digit of 457079903?
7
What is the units digit of 74407938?
8
What is the hundreds digit of 7124085?
0
What is the hundred millions digit of 412376020?
4
What is the hundred thousands digit of 3165959047?
9
What is the hundreds digit of 75605966?
9
What is the hundred thousands digit of 3181899033?
8
What is the hundreds digit of 311973156?
1
What is the units digit of 2691347?
7
What is the ten millions digit of 150894214?
5
What is the hundreds digit of 141421760?
7
What is the ten thousands digit of 229303209?
0
What is the hundred millions digit of 114463582?
1
What is the millions digit of 46802104?
6
What is the ten thousands digit of 54954093?
5
What is the hundreds digit of 848609781?
7
What is the tens digit of 34166264?
6
What is the hundreds digit of 484524875?
8
What is the hundred thousands digit of 758018634?
0
What is the units digit of 52209768?
8
What is the hundreds digit of 9516345?
3
What is the billions digit of 1080365322?
1
What is the units digit of 1266959714?
4
What is the hundred millions digit of 224695973?
2
What is the hundreds digit of 39762901?
9
What is the tens digit of 501270464?
6
What is the hundred millions digit of 190029576?
1
What is the tens digit of 188766030?
3
What is the hundred thousands digit of 624704322?
7
What is the hundred millions digit of 711858771?
7
What is the units digit of 369534245?
5
What is the ten thousands digit of 13308085?
0
What is the tens digit of 2776049198?
9
What is the thousands digit of 6006033818?
3
What is the units digit of 2672871102?
2
What is the h